(r) - 9*o(r). Calculate k(-1).
5
Let l(v) = -3*v**3 + 7*v**2 + 4*v**3 - 100 + 10*v + 109. Give l(-6).
-15
Let a = -30 - -32. Let f(w) = -8*w - 2*w + 5*w - 4 + 4*w. Let r(u) = -4*u - 16. Let s(m) = a*r(m) - 9*f(m). What is s(-4)?
0
Let s(d) = d**2 - d - 3. Let r(i) = i**3 + 8*i**2 + 7*i + 3. Let n be r(-7). Let p be 2 - (-2 + 2) - n. Let h be (-5)/p*(-12)/20. What is s(h)?
9
Let m be (9/(-6))/((-1)/6). Let z(o) = -115*o + 53*o + 57*o. Let i(l) = 11*l - 1. Let v(w) = m*z(w) + 4*i(w). Give v(-2).
-2
Let f(t) = t**2 + 3*t - 4. Let s be f(2). Suppose q - s = -12. Let c(l) = -2*l + 7. Give c(q).
19
Let w(u) = -5*u**3 - 2 - 2*u + 9*u**3 + u. Let y be w(-1). Let z(g) be the third derivative of g**4/24 + g**3/3 - 3*g**2. What is z(y)?
-3
Let o(y) = 10*y + 15*y - 38*y + 6*y + 11 + y**2. Calculate o(3).
-1
Let g = -63 + 337. Let z(h) = 3 + 139*h + 137*h - g*h. What is z(5)?
13
Suppose 5*l + 2*j = -5, j - 8 = l - 0. Suppose 0 = -3*c - 0*c. Let n(w) = c*w + w**3 + 3*w**2 + 3 + 3*w - 4*w. Determine n(l).
6
Suppose v + 18 - 20 = 0. Let f(i) = -i + 5 + v - 3. Give f(8).
-4
Let d(s) be the first derivative of -9*s**5/20 - s**4/12 - s**3/6 + s**2/2 + 7*s - 6. Let k(z) be the first derivative of d(z). Give k(1).
-10
Let x(f) = f**2 - 7*f - 1. Let o be (12/(-15))/(4/(-50)). Let d = 0 + o. Suppose 0 = 4*k - d - 2. Give x(k).
-13
Let i(k) = -k**2 + 33*k - 12. Let w(p) = 3*p**2 - 95*p + 37. Let g(n) = -11*i(n) - 4*w(n). Give g(15).
14
Let b(v) = 33*v - 17. Let p(t) = -93*t + 51. Let h(l) = 17*b(l) + 6*p(l). Calculate h(-8).
-7
Let r(b) = 13*b - 1. Let g(s) = -13*s - 2. Let l(z) = -1. Let w(u) = -g(u) + 3*l(u). Let q(h) = 3*r(h) - 2*w(h). Give q(1).
12
Let p(a) = -3*a**3 + a**2 + 2*a - 2. Suppose -18*s = -14*s - 4. Determine p(s).
-2
Let k(p) = 16*p - 1. Let q(m) = 3*m. Let g(x) = 6*k(x) - 33*q(x). Calculate g(-7).
15
Suppose 5*p + 142 = 182. Let u(x) = -x - 16. Give u(p).
-24
Let r(o) = -o**2 + 22*o - 44. Let d = -862 - -882. What is r(d)?
-4
Let z(y) = 5*y + 7. Let a(d) = -26*d - 52. Let k(h) = -17*h - 35. Let f(c) = 5*a(c) - 7*k(c). Let u(q) = -6*f(q) - 13*z(q). Determine u(5).
4
Let r(z) = 5*z**2 + 9*z - 7*z - 605 - z**3 + 610. Let l = 47 + -42. Give r(l).
15
Suppose -4*q + 12 = 0, 10*n - 7*n + 5*q = -3. Let y(i) = -i**3 - 7*i**2 - 4*i + 8. Give y(n).
-4
Let y(k) be the first derivative of -k**3/3 - 5*k**2/2 - 2*k + 193. What is y(-3)?
4
Let j(m) = 6*m - 2. Let d be j(6). Let x(i) = d*i - i**2 - 12*i - 20*i. Give x(6).
-24
Let n(l) = 3*l - 5. Let s(x) = -4*x + 6. Suppose -5*k - t = -33, 5*k - 28 = -2*t + 8. Let j(o) = k*s(o) + 7*n(o). Suppose 197*d + 11 = 208*d. What is j(d)?
-2
Let q(l) = -l**3 + 3*l**2 - l - 1. Suppose -16*u + 26 = -22. What is q(u)?
-4
Let p(u) = u**3 + 2*u**2 - 2*u + 4. Suppose 0 = -2*g - 0*g - w - 4, 3*w = 2*g + 12. Calculate p(g).
1
Let b(v) = 5*v + 6. Suppose -3 = 9*k - 10*k. Suppose k*u + 3 = -9. What is b(u)?
-14
Let l(d) be the second derivative of -10*d + d**3 + 0 - 3/2*d**2 + 1/12*d**4. Determine l(-6).
-3
Let a(s) be the second derivative of s**5/20 - 5*s**4/12 - 2*s**3/3 - s**2/2 + 2*s + 99. Determine a(6).
11
Let z(q) = -12*q**2 + 11*q**2 + 7*q - 12 + q. What is z(9)?
-21
Let h(b) = -4 + 6 - 5*b - 12*b + 24*b - 8*b. Determine h(4).
-2
Let l(i) = i**3 + 7*i**2 - 10*i - 13. Let w be l(-8). Let x(n) = n**3 - 8*n**2 + 5 + 11*n**2 - n + 2*n**w - 2*n**3. Determine x(-4).
-7
Let f(i) = -i**3 + 12*i**2 - 4*i + 6. Let m(n) = -4*n**2 + 11*n + 90. Let t be m(6). What is f(t)?
-42
Let s(x) = 3*x**2 - 69*x + 65. Let y be s(22). Let c(b) = b**3. Determine c(y).
-1
Let h(q) = 2*q**3 - 9*q**2 - 6*q - 2. Let y(f) = -f**3 + 4*f**2 + 3*f + 1. Let b(w) = 4*h(w) + 9*y(w). Give b(-3).
19
Let k(p) be the third derivative of -p**7/60 - p**6/180 - p**5/120 + p**3/2 + 12*p**2. Let l(c) be the first derivative of k(c). What is l(-1)?
13
Suppose 4*i - r = 135, 4*i + r = -0*r + 137. Let l = 33 - i. Let p(z) = -11*z**2 - 1. Determine p(l).
-12
Let o(j) = 14*j**2 - 4*j**2 - 11*j**2 + 7. Give o(0).
7
Let c(d) = 9*d - 12. Let i(j) = 17*j - 27. Let w(l) = 5*c(l) - 2*i(l). Give w(-5).
-61
Suppose -2*l - 2*n = -1714, 0 = 5*l + 2*n - 4373 + 85. Let c(m) = -855*m + m**3 - 2*m**3 + l*m - 5 - 4*m**2. Give c(-5).
5
Let c(b) = b**3 + 12*b**2 + 3. Suppose -105*a + 87*a - 216 = 0. What is c(a)?
3
Let w(u) = -3*u**3 - 85*u**2 + 56*u - 65. Let l be w(-29). Let n(g) be the first derivative of g**4/4 + 8*g**3/3 + 9*g**2/2 - 1. What is n(l)?
-14
Let w(o) = 86*o**3 - 17*o**2 - 10*o - 7. Let p(r) = 57*r**3 - 12*r**2 - 7*r - 5. Let j(c) = -7*p(c) + 5*w(c). Calculate j(-1).
-31
Suppose q = -q + 4. Suppose 5*c = q*x + 9, 0*x - 3*x + 3 = -2*c. Let l(p) = 1 - 3*p**2 + p**3 + 0*p**2 - 7*p + 10*p**2 - x*p**2. Give l(-5).
11
Let a(m) be the third derivative of m**5/60 + m**4/3 + 8*m**3/3 - 2*m**2 - 27*m. What is a(-8)?
16
Let u(p) = 4*p + 3. Let j(x) = -x. Let z(a) = 5*j(a) + u(a). Suppose 3*v + 2*n + 23 = 0, 28 + 3 = -3*v - 4*n. What is z(v)?
8
Suppose 0 = -o - 3*z + 10, 5*o + 2*z = z + 8. Let d(q) = -14*q**3 + q - 1. Determine d(o).
-14
Let z(y) be the third derivative of -y**6/120 + 2*y**5/15 - y**4/24 - y**3/3 - y**2 + 44*y. What is z(3)?
40
Let s(h) = h**3 + 6*h**2 + 4 - 3959*h + 3958*h - 4. Give s(-6).
6
Let l(n) = -8 + 1 + 1 - n. Suppose 0 = 5*w - 8*w, 4*u + 5*w = 0. Suppose 13 = 3*j + 5*p, u = -7*j + 3*j - 4*p + 4. Calculate l(j).
-2
Let n(m) be the third derivative of 7*m**5/60 + m**4/12 + m**3/6 + 17*m**2. Let y be 4/(-12)*-3*-1. Calculate n(y).
6
Let g(o) = o**2 - 7*o. Let d(f) = 14*f - 20. Let a be d(2). What is g(a)?
8
Let g = -203 + 200. Let x(z) = 2*z**3 + z**2 - 6*z - 11. Let i(m) = m**3 + m**2 - 3*m - 5. Let d(u) = 5*i(u) - 2*x(u). Give d(g).
6
Suppose v = 2*v - 6. Let b(r) = -3*r + 6*r - 2*r + 3 - 15*r + 2*r**2 + 5*r. What is b(v)?
21
Let i(w) = 4*w**2 + 2*w**2 + w**3 + 3*w - 4*w - 2. Let c(q) = q**3 + 5*q**2 + 6*q. Let b be c(-3). Suppose b = -4*p + 10*p + 36. Calculate i(p).
4
Let o(m) be the third derivative of m**4/24 + m**3 + 115*m**2. Calculate o(0).
6
Let b(d) = d + 1. Let l = 41 - -3. Let t be (121/l)/(2/8). Let v = t - 7. Calculate b(v).
5
Let w(d) = -6*d + 1. Let f be (2/(-14))/((-23)/161). Let k(t) = -t**3 - t**2 - t + 2. Let o be k(f). Determine w(o).
7
Let r be (5/(-15))/(-2 - (-29)/15). Suppose -2*s = 8, 4*i - r*s = -10 - 18. Let f(t) = -t**3 - 11*t**2 + 13*t + 7. What is f(i)?
-5
Let q(x) = 2*x + 1. Suppose 2*u - 4*g + 10 = 0, 0 = -3*u - 4*g + 20 + 15. Give q(u).
11
Let r(d) = d**2 - 6*d + 7. Suppose 0 = 17*s + 1273 - 253. Let w = s - -66. Calculate r(w).
7
Let s(y) = 36*y**3 - 4*y + 4. Let m(h) = -h**2 - 1. Let n(v) = -9*v**3 + 2*v**2 + v + 1. Let c(p) = 2*m(p) + n(p). Let r(d) = 9*c(d) + 2*s(d). Give r(1).
-9
Let o(m) = -49*m + 4. Let c(h) = -12*h + 1. Let f(n) = -9*c(n) + 2*o(n). Let q = 79 - 80. Determine f(q).
-11
Let z(h) = 90*h**2 + 18 + 2*h - 3*h - 89*h**2. Give z(0).
18
Suppose 39*f = -2 + 41. Let h(o) = -6*o**2 + 1. Calculate h(f).
-5
Let m(i) be the first derivative of -7*i**2/2 + i - 2. Let h = -168 - -170. What is m(h)?
-13
Let j(f) = -23*f**2 - f + 1. Suppose -4 = -4*y - 5*n, 3*y = -0*n - 3*n + 3. What is j(y)?
-23
Let t(m) be the second derivative of -2*m**3/3 - m**2/2 + 4*m - 58. What is t(-9)?
35
Let h(k) = k**3 - 5*k**2 - 7*k. Suppose 3*x - 105 = -0*x. Let o = x + -29. Give h(o).
-6
Suppose 6 = 20*m - 14. Let o be 2 - ((3 - 2)*3)/m. Let w(u) = 8*u**2 + u + 1. Give w(o).
8
Let d(w) = w**2 - w + 2. Let y be d(2). Let n(u) = 4*u. Let f be n(1). Suppose f*p - 20 = -y. Let b(l) = -l**3 + 3*l**2 + 2*l - 2. Determine b(p).
-10
Let r(h) = 15*h + 14*h + 12*h + h**2 - 44*h. Let d(i) = -i**2 + i. Let f(b) = 3*d(b) + r(b). Determine f(1).
-2
Suppose 2*l = 2*n - 2*l, 5*l = n + 12. Let m(k) = 2 - 5*k - 3*k + n*k + k. What is m(-9)?
-7
Let o(p) = p**3 - 6*p**2 + 7*p - 8. Let f be o(5). Suppose -14 = l + f*q, -2*l + 25 - 58 = 5*q. Let m(g) = -g**2 - 4*g + 1. What is m(l)?
1
Let o(b) be the second derivative of b**3/6 + 12*b. Let n be (304/(-12))/(-4) + (-6)/(-9). Calculate o(n).
7
Let r(j) = -19*j**2 + 7*j - 11. Let h(x) = 36*x**2 - 13*x + 20. Let b(o) = 6*h(o) + 11*r(o). Calculate b(-1).
7
Let a be (1 + 14/(-6))/((-2)/3). Let q(f) = 1 - 2*f**2 - 2*f**a + 3*f**2 + 2*f. Suppose -2*l - l = 6. What is q(l)?
-7
Let u(m) = 7*m**2 - m - 8. Let d(z) = z - 1